{"id":32,"date":"2020-12-28T18:35:19","date_gmt":"2020-12-28T17:35:19","guid":{"rendered":"https:\/\/atiouest.fr\/?page_id=32"},"modified":"2024-12-26T15:59:01","modified_gmt":"2024-12-26T14:59:01","slug":"actualites","status":"publish","type":"page","link":"https:\/\/atiouest.fr\/index.php\/actualites\/","title":{"rendered":"ACTUALITES"},"content":{"rendered":"\n<h3 class=\"wp-block-heading alignfull has-text-align-center has-white-color has-text-color has-background\" style=\"background-color:#3a3a3a\">VENEZ NOUS RENCONTRER<\/h3>\n\n\n\n<div class=\"wp-block-columns are-vertically-aligned-center is-layout-flex wp-container-core-columns-is-layout-9d6595d7 wp-block-columns-is-layout-flex\">\n<div class=\"wp-block-column is-vertically-aligned-center is-layout-flow wp-block-column-is-layout-flow\" style=\"flex-basis:33.33%\">\n<figure class=\"wp-block-gallery has-nested-images columns-default is-cropped wp-block-gallery-1 is-layout-flex wp-block-gallery-is-layout-flex\">\n<figure class=\"wp-block-image size-full\"><a href=\"https:\/\/rennes.cfiaexpo.com\/fr\"><img loading=\"lazy\" decoding=\"async\" width=\"1004\" height=\"326\" data-id=\"1420\" src=\"https:\/\/atiouest.fr\/wp-content\/uploads\/image.png\" alt=\"\" class=\"wp-image-1420\" srcset=\"https:\/\/atiouest.fr\/wp-content\/uploads\/image.png 1004w, https:\/\/atiouest.fr\/wp-content\/uploads\/image-300x97.png 300w, https:\/\/atiouest.fr\/wp-content\/uploads\/image-768x249.png 768w\" sizes=\"auto, (max-width: 1004px) 100vw, 1004px\" \/><\/a><\/figure>\n<\/figure>\n<\/div>\n\n\n\n<div class=\"wp-block-column is-vertically-aligned-center is-layout-flow wp-block-column-is-layout-flow\" style=\"flex-basis:66.66%\">\n<p><\/p>\n\n\n\n<p class=\"has-text-align-left\">Retrouvez-nous au <strong><a href=\"https:\/\/www.cfiaexpo.com\/\" target=\"_blank\" rel=\"noreferrer noopener\">CFIA<\/a> <\/strong>Rennes, \u00e9v\u00e9nement r\u00e9f\u00e9rent de l\u2019agroalimentaire ! <\/p>\n\n\n\n<p class=\"has-text-align-left\"><strong>Du 4 au 6 mars 2025<\/strong><\/p>\n\n\n\n<p class=\"has-text-align-left\">Rennes Parc Expo <\/p>\n<\/div>\n<\/div>\n\n\n\n<h3 class=\"wp-block-heading alignfull has-text-align-center has-white-color has-text-color has-background\" style=\"background-color:#3a3a3a\">NOUVEAUTES<\/h3>\n\n\n\n<div style=\"height:25px\" aria-hidden=\"true\" class=\"wp-block-spacer\"><\/div>\n\n\n\n<div class=\"wp-block-columns are-vertically-aligned-center is-layout-flex wp-container-core-columns-is-layout-9d6595d7 wp-block-columns-is-layout-flex\">\n<div class=\"wp-block-column is-vertically-aligned-center is-layout-flow wp-block-column-is-layout-flow\" style=\"flex-basis:33.33%\">\n<p class=\"has-text-align-justify\">La nouvelle operculeuse <strong>Foodpack HYPER<\/strong> d&rsquo;ILPRA entre dans notre catalogue.<br><br>D\u00e9couvrez cette <a href=\"https:\/\/ilpra.com\/confezionatrici\/foodpack-hyper-demo\/\" target=\"_blank\" rel=\"noreferrer noopener\">Technologie Haut Rendement<\/a>.<\/p>\n\n\n\n<div class=\"wp-block-buttons is-layout-flex wp-block-buttons-is-layout-flex\">\n<div class=\"wp-block-button\"><a class=\"wp-block-button__link has-white-color has-text-color has-background no-border-radius wp-element-button\" href=\"mailto:ati-ouest@orange.fr \" style=\"background-color:#069cdb\">CONTACTEZ-NOUS<\/a><\/div>\n<\/div>\n\n\n\n<p class=\"has-text-align-justify\"><br><br><\/p>\n<\/div>\n\n\n\n<div class=\"wp-block-column is-vertically-aligned-center is-layout-flow wp-block-column-is-layout-flow\" style=\"flex-basis:66.66%\">\n<figure class=\"wp-block-image size-large\"><a href=\"https:\/\/www.ilpra.com\/fr\/macchine-confezionatrici\/termosaldatrici-foodpack\/scheda-foodpack-hyper\/#1494592321723-baa299aa-66a1\"><img loading=\"lazy\" decoding=\"async\" width=\"1024\" height=\"586\" src=\"https:\/\/atiouest.fr\/wp-content\/uploads\/2020\/12\/ILPRA-NEW-1024x586.jpg\" alt=\"\" class=\"wp-image-895\" srcset=\"https:\/\/atiouest.fr\/wp-content\/uploads\/2020\/12\/ILPRA-NEW-1024x586.jpg 1024w, https:\/\/atiouest.fr\/wp-content\/uploads\/2020\/12\/ILPRA-NEW-300x172.jpg 300w, https:\/\/atiouest.fr\/wp-content\/uploads\/2020\/12\/ILPRA-NEW-768x440.jpg 768w, https:\/\/atiouest.fr\/wp-content\/uploads\/2020\/12\/ILPRA-NEW-1536x879.jpg 1536w, https:\/\/atiouest.fr\/wp-content\/uploads\/2020\/12\/ILPRA-NEW-2048x1172.jpg 2048w\" sizes=\"auto, (max-width: 1024px) 100vw, 1024px\" \/><\/a><\/figure>\n<\/div>\n<\/div>\n","protected":false},"excerpt":{"rendered":"<p>VENEZ NOUS RENCONTRER Retrouvez-nous au CFIA Rennes, \u00e9v\u00e9nement r\u00e9f\u00e9rent de l\u2019agroalimentaire ! Du 4 au 6 mars 2025 Rennes Parc Expo NOUVEAUTES La nouvelle operculeuse Foodpack HYPER d&rsquo;ILPRA entre dans notre catalogue. D\u00e9couvrez cette Technologie Haut Rendement.<\/p>\n","protected":false},"author":1,"featured_media":0,"parent":0,"menu_order":0,"comment_status":"closed","ping_status":"closed","template":"templates\/blog.php","meta":{"_exactmetrics_skip_tracking":false,"_exactmetrics_sitenote_active":false,"_exactmetrics_sitenote_note":"","_exactmetrics_sitenote_category":0,"footnotes":""},"class_list":["post-32","page","type-page","status-publish","hentry","entry","no-media"],"yoast_head":"<!-- This site is optimized with the Yoast SEO plugin v27.4 - https:\/\/yoast.com\/product\/yoast-seo-wordpress\/ -->\n<title>ACTUALITES - Sp\u00e9cialiste en \u00e9quipement de conditionnement depuis 20 ans<\/title>\n<meta name=\"description\" content=\"Nouvelles machines de conditionnement, innovations, salons, ... retrouvez toute l&#039;actualit\u00e9 d&#039;ATI-OUEST sur cette page.\" \/>\n<meta name=\"robots\" content=\"index, follow, max-snippet:-1, max-image-preview:large, max-video-preview:-1\" \/>\n<link rel=\"canonical\" href=\"https:\/\/atiouest.fr\/index.php\/actualites\/\" \/>\n<meta property=\"og:locale\" content=\"fr_FR\" \/>\n<meta property=\"og:type\" content=\"article\" \/>\n<meta property=\"og:title\" content=\"ACTUALITES - Sp\u00e9cialiste en \u00e9quipement de conditionnement depuis 20 ans\" \/>\n<meta property=\"og:description\" content=\"Nouvelles machines de conditionnement, innovations, salons, ... retrouvez toute l&#039;actualit\u00e9 d&#039;ATI-OUEST sur cette page.\" \/>\n<meta property=\"og:url\" content=\"https:\/\/atiouest.fr\/index.php\/actualites\/\" \/>\n<meta property=\"og:site_name\" content=\"Sp\u00e9cialiste en \u00e9quipement de conditionnement depuis 20 ans\" \/>\n<meta property=\"article:publisher\" content=\"https:\/\/www.facebook.com\/atiouest56\/\" \/>\n<meta property=\"article:modified_time\" content=\"2024-12-26T14:59:01+00:00\" \/>\n<meta property=\"og:image\" content=\"https:\/\/atiouest.fr\/wp-content\/uploads\/image.png\" \/>\n\t<meta property=\"og:image:width\" content=\"1004\" \/>\n\t<meta property=\"og:image:height\" content=\"326\" \/>\n\t<meta property=\"og:image:type\" content=\"image\/png\" \/>\n<meta name=\"twitter:card\" content=\"summary_large_image\" \/>\n<meta name=\"twitter:label1\" content=\"Dur\u00e9e de lecture estim\u00e9e\" \/>\n\t<meta name=\"twitter:data1\" content=\"1 minute\" \/>\n<script type=\"application\/ld+json\" class=\"yoast-schema-graph\">{\"@context\":\"https:\\\/\\\/schema.org\",\"@graph\":[{\"@type\":\"WebPage\",\"@id\":\"https:\\\/\\\/atiouest.fr\\\/index.php\\\/actualites\\\/\",\"url\":\"https:\\\/\\\/atiouest.fr\\\/index.php\\\/actualites\\\/\",\"name\":\"ACTUALITES - Sp\u00e9cialiste en \u00e9quipement de conditionnement depuis 20 ans\",\"isPartOf\":{\"@id\":\"https:\\\/\\\/atiouest.fr\\\/#website\"},\"primaryImageOfPage\":{\"@id\":\"https:\\\/\\\/atiouest.fr\\\/index.php\\\/actualites\\\/#primaryimage\"},\"image\":{\"@id\":\"https:\\\/\\\/atiouest.fr\\\/index.php\\\/actualites\\\/#primaryimage\"},\"thumbnailUrl\":\"https:\\\/\\\/atiouest.fr\\\/wp-content\\\/uploads\\\/image.png\",\"datePublished\":\"2020-12-28T17:35:19+00:00\",\"dateModified\":\"2024-12-26T14:59:01+00:00\",\"description\":\"Nouvelles machines de conditionnement, innovations, salons, ... retrouvez toute l'actualit\u00e9 d'ATI-OUEST sur cette page.\",\"breadcrumb\":{\"@id\":\"https:\\\/\\\/atiouest.fr\\\/index.php\\\/actualites\\\/#breadcrumb\"},\"inLanguage\":\"fr-FR\",\"potentialAction\":[{\"@type\":\"ReadAction\",\"target\":[\"https:\\\/\\\/atiouest.fr\\\/index.php\\\/actualites\\\/\"]}]},{\"@type\":\"ImageObject\",\"inLanguage\":\"fr-FR\",\"@id\":\"https:\\\/\\\/atiouest.fr\\\/index.php\\\/actualites\\\/#primaryimage\",\"url\":\"https:\\\/\\\/atiouest.fr\\\/wp-content\\\/uploads\\\/image.png\",\"contentUrl\":\"https:\\\/\\\/atiouest.fr\\\/wp-content\\\/uploads\\\/image.png\",\"width\":1004,\"height\":326},{\"@type\":\"BreadcrumbList\",\"@id\":\"https:\\\/\\\/atiouest.fr\\\/index.php\\\/actualites\\\/#breadcrumb\",\"itemListElement\":[{\"@type\":\"ListItem\",\"position\":1,\"name\":\"Accueil\",\"item\":\"https:\\\/\\\/atiouest.fr\\\/\"},{\"@type\":\"ListItem\",\"position\":2,\"name\":\"ACTUALITES\"}]},{\"@type\":\"WebSite\",\"@id\":\"https:\\\/\\\/atiouest.fr\\\/#website\",\"url\":\"https:\\\/\\\/atiouest.fr\\\/\",\"name\":\"Sp\u00e9cialiste en \u00e9quipement de conditionnement depuis 20 ans\",\"description\":\"\",\"publisher\":{\"@id\":\"https:\\\/\\\/atiouest.fr\\\/#organization\"},\"potentialAction\":[{\"@type\":\"SearchAction\",\"target\":{\"@type\":\"EntryPoint\",\"urlTemplate\":\"https:\\\/\\\/atiouest.fr\\\/?s={search_term_string}\"},\"query-input\":{\"@type\":\"PropertyValueSpecification\",\"valueRequired\":true,\"valueName\":\"search_term_string\"}}],\"inLanguage\":\"fr-FR\"},{\"@type\":\"Organization\",\"@id\":\"https:\\\/\\\/atiouest.fr\\\/#organization\",\"name\":\"ATI-OUEST\",\"url\":\"https:\\\/\\\/atiouest.fr\\\/\",\"logo\":{\"@type\":\"ImageObject\",\"inLanguage\":\"fr-FR\",\"@id\":\"https:\\\/\\\/atiouest.fr\\\/#\\\/schema\\\/logo\\\/image\\\/\",\"url\":\"https:\\\/\\\/atiouest.fr\\\/wp-content\\\/uploads\\\/2020\\\/12\\\/logo-atiouest.png\",\"contentUrl\":\"https:\\\/\\\/atiouest.fr\\\/wp-content\\\/uploads\\\/2020\\\/12\\\/logo-atiouest.png\",\"width\":405,\"height\":160,\"caption\":\"ATI-OUEST\"},\"image\":{\"@id\":\"https:\\\/\\\/atiouest.fr\\\/#\\\/schema\\\/logo\\\/image\\\/\"},\"sameAs\":[\"https:\\\/\\\/www.facebook.com\\\/atiouest56\\\/\",\"https:\\\/\\\/www.instagram.com\\\/atiouest56\\\/?hl=fr\",\"https:\\\/\\\/fr.linkedin.com\\\/company\\\/ati-ouest\"]}]}<\/script>\n<!-- \/ Yoast SEO plugin. -->","yoast_head_json":{"title":"ACTUALITES - Sp\u00e9cialiste en \u00e9quipement de conditionnement depuis 20 ans","description":"Nouvelles machines de conditionnement, innovations, salons, ... retrouvez toute l'actualit\u00e9 d'ATI-OUEST sur cette page.","robots":{"index":"index","follow":"follow","max-snippet":"max-snippet:-1","max-image-preview":"max-image-preview:large","max-video-preview":"max-video-preview:-1"},"canonical":"https:\/\/atiouest.fr\/index.php\/actualites\/","og_locale":"fr_FR","og_type":"article","og_title":"ACTUALITES - Sp\u00e9cialiste en \u00e9quipement de conditionnement depuis 20 ans","og_description":"Nouvelles machines de conditionnement, innovations, salons, ... retrouvez toute l'actualit\u00e9 d'ATI-OUEST sur cette page.","og_url":"https:\/\/atiouest.fr\/index.php\/actualites\/","og_site_name":"Sp\u00e9cialiste en \u00e9quipement de conditionnement depuis 20 ans","article_publisher":"https:\/\/www.facebook.com\/atiouest56\/","article_modified_time":"2024-12-26T14:59:01+00:00","og_image":[{"width":1004,"height":326,"url":"https:\/\/atiouest.fr\/wp-content\/uploads\/image.png","type":"image\/png"}],"twitter_card":"summary_large_image","twitter_misc":{"Dur\u00e9e de lecture estim\u00e9e":"1 minute"},"schema":{"@context":"https:\/\/schema.org","@graph":[{"@type":"WebPage","@id":"https:\/\/atiouest.fr\/index.php\/actualites\/","url":"https:\/\/atiouest.fr\/index.php\/actualites\/","name":"ACTUALITES - Sp\u00e9cialiste en \u00e9quipement de conditionnement depuis 20 ans","isPartOf":{"@id":"https:\/\/atiouest.fr\/#website"},"primaryImageOfPage":{"@id":"https:\/\/atiouest.fr\/index.php\/actualites\/#primaryimage"},"image":{"@id":"https:\/\/atiouest.fr\/index.php\/actualites\/#primaryimage"},"thumbnailUrl":"https:\/\/atiouest.fr\/wp-content\/uploads\/image.png","datePublished":"2020-12-28T17:35:19+00:00","dateModified":"2024-12-26T14:59:01+00:00","description":"Nouvelles machines de conditionnement, innovations, salons, ... retrouvez toute l'actualit\u00e9 d'ATI-OUEST sur cette page.","breadcrumb":{"@id":"https:\/\/atiouest.fr\/index.php\/actualites\/#breadcrumb"},"inLanguage":"fr-FR","potentialAction":[{"@type":"ReadAction","target":["https:\/\/atiouest.fr\/index.php\/actualites\/"]}]},{"@type":"ImageObject","inLanguage":"fr-FR","@id":"https:\/\/atiouest.fr\/index.php\/actualites\/#primaryimage","url":"https:\/\/atiouest.fr\/wp-content\/uploads\/image.png","contentUrl":"https:\/\/atiouest.fr\/wp-content\/uploads\/image.png","width":1004,"height":326},{"@type":"BreadcrumbList","@id":"https:\/\/atiouest.fr\/index.php\/actualites\/#breadcrumb","itemListElement":[{"@type":"ListItem","position":1,"name":"Accueil","item":"https:\/\/atiouest.fr\/"},{"@type":"ListItem","position":2,"name":"ACTUALITES"}]},{"@type":"WebSite","@id":"https:\/\/atiouest.fr\/#website","url":"https:\/\/atiouest.fr\/","name":"Sp\u00e9cialiste en \u00e9quipement de conditionnement depuis 20 ans","description":"","publisher":{"@id":"https:\/\/atiouest.fr\/#organization"},"potentialAction":[{"@type":"SearchAction","target":{"@type":"EntryPoint","urlTemplate":"https:\/\/atiouest.fr\/?s={search_term_string}"},"query-input":{"@type":"PropertyValueSpecification","valueRequired":true,"valueName":"search_term_string"}}],"inLanguage":"fr-FR"},{"@type":"Organization","@id":"https:\/\/atiouest.fr\/#organization","name":"ATI-OUEST","url":"https:\/\/atiouest.fr\/","logo":{"@type":"ImageObject","inLanguage":"fr-FR","@id":"https:\/\/atiouest.fr\/#\/schema\/logo\/image\/","url":"https:\/\/atiouest.fr\/wp-content\/uploads\/2020\/12\/logo-atiouest.png","contentUrl":"https:\/\/atiouest.fr\/wp-content\/uploads\/2020\/12\/logo-atiouest.png","width":405,"height":160,"caption":"ATI-OUEST"},"image":{"@id":"https:\/\/atiouest.fr\/#\/schema\/logo\/image\/"},"sameAs":["https:\/\/www.facebook.com\/atiouest56\/","https:\/\/www.instagram.com\/atiouest56\/?hl=fr","https:\/\/fr.linkedin.com\/company\/ati-ouest"]}]}},"_links":{"self":[{"href":"https:\/\/atiouest.fr\/index.php\/wp-json\/wp\/v2\/pages\/32","targetHints":{"allow":["GET"]}}],"collection":[{"href":"https:\/\/atiouest.fr\/index.php\/wp-json\/wp\/v2\/pages"}],"about":[{"href":"https:\/\/atiouest.fr\/index.php\/wp-json\/wp\/v2\/types\/page"}],"author":[{"embeddable":true,"href":"https:\/\/atiouest.fr\/index.php\/wp-json\/wp\/v2\/users\/1"}],"replies":[{"embeddable":true,"href":"https:\/\/atiouest.fr\/index.php\/wp-json\/wp\/v2\/comments?post=32"}],"version-history":[{"count":48,"href":"https:\/\/atiouest.fr\/index.php\/wp-json\/wp\/v2\/pages\/32\/revisions"}],"predecessor-version":[{"id":1451,"href":"https:\/\/atiouest.fr\/index.php\/wp-json\/wp\/v2\/pages\/32\/revisions\/1451"}],"wp:attachment":[{"href":"https:\/\/atiouest.fr\/index.php\/wp-json\/wp\/v2\/media?parent=32"}],"curies":[{"name":"wp","href":"https:\/\/api.w.org\/{rel}","templated":true}]}}